be (0 - 32/(-24))*9/4. Let p(v) be the second derivative of 1/3*v**q + 1/6*v**4 + 3/10*v**5 + 0 - 4*v + 1/2*v**2. Determine p(-1).
-5
Let g(z) be the first derivative of -2*z**2 - 14*z - 510. What is g(-3)?
-2
Let c(o) = o**3 + 12*o**2 - 14*o - 15. Suppose 0 = 3*u + 3*p + 39, 0 = 2*u + 3*p + 4 + 22. Calculate c(u).
-2
Let x = -8 - -8. Suppose -13 = g + 4*y, -2*g - 3*y = -x + 1. Let w(a) = -a + 2*a - a**2 - g*a. Calculate w(-3).
9
Let c(o) = 7*o - 1. Let w(l) = l**3 - 4*l**2 - 8*l + 14. Let r be w(5). Give c(r).
-8
Let j be (-33 + 32)/((-3)/(-42)). Let f(u) = 3*u + 48. Calculate f(j).
6
Let t(d) = -4*d - 4 + 0 + 5*d - 7. Let k(s) be the third derivative of s**4/8 - 11*s**3/2 + 2*s**2. Let a(f) = -4*k(f) + 11*t(f). Determine a(5).
6
Let k = -16 - -19. Let q(a) = 6 + 6 - 3*a - k. Calculate q(6).
-9
Let h(p) = -6*p**2 + 3 + 7*p + 6 - 5*p - 4 - p**3 - 4*p. Give h(-5).
-10
Let n(d) = -2*d**2 - 10*d - 1. Let u(j) = -13*j**2 - 56*j - 15. Let c(a) = 6*n(a) - u(a). Calculate c(4).
9
Let t(y) = -y**2 - 4*y + 5. Suppose 4*a + 3*p - 3 = a, p - 1 = 4*a. Suppose 4*f - f - q - 68 = 0, -f = 4*q - 40. Suppose f = -a*c - 4*c. What is t(c)?
-7
Let h(m) = -m**3 + 5*m**2 - m - 2. Suppose -5*y + 3 = -12. Determine h(y).
13
Let n(g) = g - 3. Let j be (-4)/((-9 - -10)/(3/(-4))). Suppose -3*b = -o + 1, 5*b - 8 = -j. What is n(o)?
1
Let n(h) = 7*h - 13 - 1 + 5 + 7. Give n(1).
5
Let k(q) = q**2 - 2*q**2 + 4*q + 0*q - 5 + 2*q. Let c(n) = -n. Suppose -5*t - y + 2*y = 31, 2*t + 11 = -y. Let d be c(t). Calculate k(d).
-5
Suppose -7 - 11 = -y. Let u = -16 + y. Let l(k) = 3*k**u - 4*k**2 + 18*k - 16*k. What is l(2)?
0
Let l(f) = f**3 - 2*f**2 - 4*f. Let y be l(3). Suppose o + 143 = 5*b, 0*b + 146 = 5*b - 2*o. Let g(m) = -b + 0*m + 25 - m + 0*m. Determine g(y).
0
Let f(c) = 2*c**3 + 14*c**2 - 4*c + 6. Let m(w) = -6*w**3 - 40*w**2 + 12*w - 17. Let a(y) = 17*f(y) + 6*m(y). Determine a(-3).
24
Suppose 7*c = 2*c + w + 49, 3*c - 39 = 3*w. Let h(y) = -9 - c*y**2 + 5*y + 6 + 12 + y**3. What is h(8)?
-15
Let y(c) = 3*c - 4. Suppose 101*w = -494 - 11. Determine y(w).
-19
Let m(p) be the second derivative of 0 - 8*p - 4/3*p**3 + 1/12*p**4 + 5/2*p**2. What is m(7)?
-2
Suppose i = 3*k - 9, -2*i - 5*k - 15 = 3. Let t = -4 - i. Suppose 0 = -t*b + b - 4*o + 8, -3*o + 12 = 5*b. Let x(n) = n**3 - 3*n**2 + 3*n - 4. Give x(b).
5
Let l(v) = v**2 - 7*v + 12. Let u be l(5). Let k(m) = 1 + 6*m - 5 + m**u + 4. What is k(-6)?
0
Let b(s) be the second derivative of s**4/24 - 5*s**3/3 - 5*s**2 + 2*s. Let r(k) be the first derivative of b(k). Calculate r(7).
-3
Let q(t) be the first derivative of -5*t - 1/2*t**2 + 11. Calculate q(-7).
2
Let z(i) = i**3 - 13*i**2 + 24*i - 141. Let d be z(12). Let h(x) = -4*x + 10. Determine h(d).
-2
Let i(o) = -o**3 - 4*o**2 - o + 4. Let r be i(-2). Let a(n) be the third derivative of -n**6/60 - n**5/30 - n**4/24 + 2*n**2. Determine a(r).
10
Let g(f) = -f**3 - 5*f**2 - 4*f + 5. Let a(j) = -j**3 + 4*j**2 + 3*j + 2. Let p be a(5). Let t be ((-36)/48)/(2/p). Suppose 8 = w - t*w. What is g(w)?
5
Suppose 0 = 4*i + 5*p - 53, -5*i - 3*p + 2*p + 61 = 0. Let r(u) = 12*u**2 + 2*u - 36*u**2 + i*u**2 + 13*u**2. Calculate r(4).
24
Let u be (-20)/15*(-3)/2. Let w(o) = -15*o**2 + 35*o**2 + 2*o - 19*o**u + 2. Determine w(-2).
2
Suppose -108*m - 45 = -117*m. Let h(f) = f**3 - 4*f**2 - 3*f + 4. What is h(m)?
14
Let v be 26/8 - 1/4. Let j(t) = 0*t**2 + 4*t**2 - 7*t**3 + v + 5*t**3. Give j(3).
-15
Let z(g) = -5 + 3*g**2 + 6*g - 2*g**2 + 11*g. Suppose 5*u - 1 + 26 = 0. Let s(p) = p**2 + 9*p - 2. Let n(w) = u*s(w) + 3*z(w). Give n(4).
-13
Suppose 8*m - 49 = 3*m - 3*o, 4*m = o + 29. Let q(v) = -v**2 + 9*v + 6. Determine q(m).
14
Let u(l) = l + 5 - 3*l - 3. Let p = 24 + -24. Suppose 0 = -2*w + w + r - 2, p = 5*r + 15. Calculate u(w).
12
Let l(o) = 27 + 29 - 3*o - 59. What is l(-2)?
3
Let a(b) = -2*b**3 + 3*b**2 - 3*b + 2. Let l(o) = 6*o - 4*o - 2 - 3*o. Let z be l(-4). Suppose -z*k - 2*k = -8. Calculate a(k).
-8
Let p(a) = 2*a**3 - 25*a**2 + 7*a - 10. Let q(w) = -w**3 + 14*w**2 - 4*w + 5. Let j(r) = 4*p(r) + 7*q(r). Calculate j(3).
4
Let t(r) = r**3 - 2*r**2 - 2*r - 6. Let x be t(0). Let f(z) = z - 1. Give f(x).
-7
Suppose 3*z + 2*z = 3*n - 39, 3*z + 9 = 0. Suppose 259 = 4*d + 99. Let s(f) = 6*f - d + 36 - 9*f**2 + 3*f + f**3. Calculate s(n).
4
Suppose 325*x + 20 = 329*x. Let f(t) = -t**2 + 4*t + 1. Determine f(x).
-4
Let a be ((-5)/3)/(319/33 - 10). Let b(c) be the third derivative of -1/6*c**3 + 6*c**2 + 1/24*c**4 + 1/15*c**a + 0 + 1/120*c**6 + 0*c. Determine b(-4).
-5
Let q(w) = -4*w + 3. Let m = 3 - -2. Suppose m*r = 3*t - 26, 5*r = -2*t + r - 12. Suppose y = -f - t*y - 7, -4*y = 5*f + 2. Give q(f).
-5
Let g(c) = -3*c**3 - 15*c**2 - 19*c + 17. Let t(u) = u**3 + u**2 + u. Let h(j) = g(j) + 4*t(j). Determine h(12).
-19
Let h(w) = 11*w - 2. Let s(z) = z**2 - 7*z + 4. Let o be s(1). What is h(o)?
-24
Let j(y) be the second derivative of -y**3 - 3*y**2/2 - y + 42. What is j(-3)?
15
Let d(r) be the first derivative of r**4/4 - 3*r**2/2 - 3*r + 89. What is d(2)?
-1
Let j(q) be the first derivative of q**2/2 - 6*q + 21. What is j(-5)?
-11
Let u(v) be the second derivative of 0 - 1/6*v**3 - 30*v - 1/2*v**2. What is u(-1)?
0
Let n be (-16)/12*279/(-62). Let c(x) = -3*x - 2. What is c(n)?
-20
Let u(v) = -8*v**3 - 11*v**2 + 7*v - 3. Let h(o) = 5*o**3 + 6*o**2 - 4*o + 1. Let b(j) = -5*h(j) - 3*u(j). Suppose 15 = 5*s - 0*s. Calculate b(s).
1
Suppose -u - 8 = -2*s, -4*s - 2*u + 6*u = -20. Suppose -2*n + 1 = -s. Let r(a) = -5*a**n - 6*a**3 + 6 - a + 5*a**3 + 2*a**3. Calculate r(5).
1
Let o(j) be the second derivative of -2*j + 3*j**2 - 1/24*j**4 + 2/3*j**3 + 0. Let s(x) be the first derivative of o(x). What is s(4)?
0
Let u(m) = -6*m + 4*m**2 + 3 - 5*m**2 + 1 + 2*m**2. Let k = 9 - -2. Let d(a) = a**2 - 10*a - 8. Let g be d(k). What is u(g)?
-5
Suppose -6 - 15 = 3*a + 3*p, -35 = 5*a + 4*p. Let x = -4 + 9. Let b(z) = 3*z**2 - x*z**2 - 2*z**2 + 3*z**2 - 4 - 7*z. What is b(a)?
-4
Let f(p) = -p**2 - p - 2. Let v(z) = -5*z**2 - 5*z - 9. Suppose 5*q - 31 = 2*t + 2*t, -5*q = -3*t - 22. Let r(h) = t*f(h) + 2*v(h). Determine r(-1).
0
Let r(y) = -17 + 23 - 3*y**2 + 2*y + 4*y - y**3. Suppose 0 = -5*x + 4*h - 16, x + 6 = 2*h + 4. Calculate r(x).
-2
Let r(u) = -u + 1 + 10*u**2 - 2 + 0*u**2 - 4*u**2 - 7*u**2. Give r(0).
-1
Let o(m) be the third derivative of 0 - 4*m**2 + 4/3*m**3 + 4*m + 1/6*m**4. What is o(6)?
32
Let b(d) = 7*d - d**2 - 24 + d**2 - 15*d + d**2 + 20*d. What is b(-14)?
4
Let s(u) = -3*u - 43. Let j be s(-12). Let a(r) = -r**3 - 8*r**2 - 6*r + 5. Give a(j).
-2
Let s(u) = -u**2 - 5*u - 5. Let h(q) = -q**2 - 5*q - 3. Let g be h(-3). Let r be 5/(g*(-1)/(-15)). Suppose -r = 2*f + 3*f. What is s(f)?
-5
Let d(f) = -f**3 + 3*f**2 + 10*f + 6. Let r be d(5). Suppose 0*s - 2*s = r, 0 = p - 2*s - 4. Let k(q) = 3*q - 2. Give k(p).
-8
Let o(s) = 9*s**2 + 9*s - 3. Let l(d) be the second derivative of 5*d**4/12 + 2*d**3/3 - d**2/2 - 25*d. Let b(y) = 5*l(y) - 2*o(y). Calculate b(-1).
6
Let v(l) be the third derivative of l**5/30 + 5*l**4/12 - 7*l**3/6 - 55*l**2 + 2*l. Determine v(-6).
5
Let b(r) = -r**2 - r + 5. Let q(n) be the second derivative of n**4/12 - 11*n**3/3 + 6*n. Let a be q(22). What is b(a)?
5
Let f(m) = 4*m. Suppose 4*p - 3*g + 18 = 0, -10 = p - 2*g - 3. Let c be 0 - (0 + 1 - (1 + p)). Give f(c).
-12
Let g be 51 + -42 + (-12)/(-1). Let y(o) = 2*o - 42. Give y(g).
0
Let w(j) = j**3 - 7*j**2 + 8*j - 19. Let g = 810 - 804. Determine w(g).
-7
Let v be (0/(-7) - -1)*6/2. Let p(b) be the first derivative of -b**3/3 + b**2/2 - 2*b - 3. Give p(v).
-8
Let i(b) be the second derivative of b**5/60 - b**3/3 + 45*b**2/2 + 22*b. Let l(j) be the first derivative of i(j). Give l(-4).
14
Let k be -2*(8 - 3)*1. Let l = -3 - k. Let z = l + -10. Let h(j) = j. What is h(z)?
-3
Let m(z) = -842*z**2 + 0*z + 5 - z**3 - 8*z + 834*z**2. Give m(-6).
-19
Let l(w) = 2*w**3 - 3*w**2 + 2*w - 2. Let x(f) = 42*f - 555. Let a be x(14). Let h(y) = 8*y + 1. Let p be h(-4). Let j = p + a. Determine l(j).
6
Suppose 4*n - 13 - 7 = 0. Let p(t) = -2*t + t**3 - n*t**2 + 10 - 13 + t. Determine p(5).
-8
Let q(a) = -a**2 + 6*a + 10. Let p(f) = f**2 - 4*f - 9. Let l(s) = -5*p(s) - 4*q(s). Calculate l(-5).
0
Let r(l) = -l**2 - 11*l + 10. Let p(a) = a*